 2*s - s. Let x(t) = -t**2 - 1318*t - 2635. Let g be x(-2). Give p(g).
-6
Let k(l) = 2*l. Let s(t) be the second derivative of -t**3/3 + t. Suppose m + 2*w = -12 + 15, 2*w = -2*m. Let a(q) = m*k(q) - 2*s(q). Give a(3).
-6
Let y(z) = z + 12. Let x be y(0). Suppose -50*d = 25*d. Suppose -x*u - 30 - 6 = d. Let g(b) = b**2 + b - 3. Determine g(u).
3
Suppose -13 = 4*j - 1. Let t(m) = 5*m - 7. Let y(o) = 7*o - 10. Let d(f) = j*t(f) + 2*y(f). Let i be (0 + -6)*2/3. Determine d(i).
5
Let w(p) = -p - 6. Let o(c) = 4*c + 75. Let b(z) = 3*z + 38. Let q(u) = -5*b(u) + 2*o(u). Let l be q(-5). Determine w(l).
-1
Let t(i) be the second derivative of -i**3 + 123*i**2/2 - 106*i - 3. Give t(22).
-9
Let g(h) be the first derivative of -h**5/120 + 11*h**4/24 - 2*h**3/3 + 3*h + 72. Let s(r) be the third derivative of g(r). Give s(9).
2
Let w be (-18)/(-45) + (-1953)/(-155). Let i(g) = g**2 - 7*g - 78. Give i(w).
0
Let y be (-3)/((-3)/(-8)) - 0. Let k be ((-184)/69)/(4 + ((-14)/6 - 1)). Let o = k - y. Let z(g) = 4*g - 5. Give z(o).
11
Let j(x) = -3*x - 1. Let f(l) = l**3 + 19*l**2 + 21*l + 54. Let z be f(-18). Suppose 15*a - 22 - 38 = z. Determine j(a).
-13
Let t be (2/3 + 17/(-12))/(1/(-16)). Let v(l) = l**3 - 14*l**2 + 23*l + 24. Calculate v(t).
12
Let u(w) = 19*w**2 + w - 1. Suppose 12*o = 9*o + 2*q - 3, 6 = -2*q. Let d be (2 + o)/(-1 + 0). Give u(d).
19
Let w(h) = 2*h**2 - 6*h + 1. Let y(n) = n**2 - n - 7. Let g(x) = -x**2 - 2*x + 32. Let b = -53 + 46. Let k be g(b). Let a be y(k). Determine w(a).
21
Let l(n) be the third derivative of -1/6*n**3 + 0 - 1/24*n**4 - 7*n**2 + 0*n. Suppose 4*u = -3*k + 1 + 27, -k = 0. What is l(u)?
-8
Let h(m) be the second derivative of 5*m**3/6 + 3*m**2 + 21*m - 2. Let v(j) = j + 2 - 1 + 0. Let y(b) = h(b) - 6*v(b). Give y(3).
-3
Let s(q) = q**2 + q - 16. Let j = -564 + 572. What is s(j)?
56
Let i(f) = f + 1030*f**3 - 9 - 7*f**2 + 0 - f + f - 1029*f**3. Calculate i(7).
-2
Let x = 31 - -98. Let j(r) = 2 + 132*r - r**2 + 5 - x*r. Let l(y) = y + 14. Let t be l(-9). Calculate j(t).
-3
Suppose -465 = -7*p + 249. Let d be -1*12/p - (-312)/51. Let h(t) = t**3 - 5*t**2 - 5*t + 2. Determine h(d).
8
Let z(q) be the third derivative of q**6/30 - 3*q**5/10 + q**4/4 - q**3 - 19*q**2 + 2*q - 23. Calculate z(4).
-14
Let l(n) = n**3 + 7*n**2 - 12*n - 24. Let v = 7128 - 7136. Give l(v).
8
Suppose 20 = 3*b - 10. Suppose 8*c + b = 98. Let x be (-12)/(-48) + c/4. Let h(s) = -3*s + 3. Determine h(x).
-6
Let j(b) = -b**3 - b**2 - 1. Let g(f) = 4*f**3 + 2*f**2 - 6*f + 5. Let s(y) = -g(y) - 2*j(y). Calculate s(2).
-7
Let b(l) be the first derivative of -5*l**2/2 - 34*l + 53. Let i be b(-7). Let r(k) = -7*k**3 + 1. Determine r(i).
-6
Let i be -18 - 20 - (7 + -14). Let n(o) = -2*o - 60. Give n(i).
2
Let g(x) = x + 3. Let j be 0/(0 - 3) - (-1)/1. Let b be 118/(-4)*(j - 2 - 1). Let u = b + -61. What is g(u)?
1
Let i = 48 + -20. Let c(a) = i*a - 5*a**2 - 60*a + 29*a - 4. Let u(h) = -6*h**2 - 3*h - 4. Let v(r) = -5*c(r) + 4*u(r). Give v(-3).
4
Let x(b) = 5*b**3 + 32*b**2 - 99*b + 34. Let f(a) = -a**3 - 8*a**2 + 24*a - 9. Let r(z) = 9*f(z) + 2*x(z). What is r(6)?
23
Suppose 0 = -2404*c + 2330*c. Let a(p) be the third derivative of -5/24*p**4 - 6*p**2 + 0 + c*p + 5/6*p**3. What is a(5)?
-20
Let w(i) = 5*i**3 + 19*i**2 - 21*i**3 - 91*i + 6*i**3 + 3*i**3 + 9*i**3 + 6. What is w(-13)?
6
Let b(w) = 13*w - 5*w + 67500*w**2 + 1 - 67503*w**2. Give b(1).
6
Let u(j) = 6 + 73*j - 209*j + 63*j + 72*j. Let s(i) = -i**3 + 4*i**2 + 44*i + 1. Let d be s(-5). Give u(d).
0
Let c(j) = -9*j + 3. Let t = -41 - -43. Suppose -t = -r - 0. Determine c(r).
-15
Let a = 354 + -607. Let h = 247 + a. Let o(b) be the second derivative of -b**3/6 - 7*b**2/2 + 5*b. Calculate o(h).
-1
Let m(q) = -15 + 3400*q + 14 - 3407*q. Give m(-4).
27
Let o be 5/((-30)/9)*(-10)/3. Suppose 3*u = 4*p + 24, o*u - 5*p + 0*p = 35. Let a(h) = 0*h**3 + h**3 + h**2 - 3 + 4*h - 5*h**2. Give a(u).
13
Suppose 0 = 3*n - 26*r + 22*r - 15, -3*r = 0. Suppose -5*q = z - 0*z - 10, -5*q - 5 = -2*z. Let h(x) = -q + x + 0*x + 0*x - 1. Calculate h(n).
3
Suppose -80 = -4*y + 5*p, 3*p + 56 - 14 = 2*y. Suppose -q + 6*q - y = 0. Let r(z) = -7 - 8*z**2 - 6 + 8*z**3 + 3 - 7*z**q - 9*z. Calculate r(9).
-10
Let t(v) be the first derivative of -v**3/3 + 9*v**2 - 8*v + 2114. Calculate t(15).
37
Suppose 8*x + 184 = -50*x + 68. Let b(l) = 2*l**2 + l - 4. What is b(x)?
2
Let y(r) = -4*r + 3 - 1 + 3*r + 4. Let w = -68 + 73. Determine y(w).
1
Let o(l) = 4*l**2 - 4*l + 11. Suppose u + 16 = -5*k, -3*u - 190*k + 193*k = 12. Determine o(u).
179
Let g be 11 + 2/((-12)/(-6)). Let o(j) = -11*j + j**2 + 8*j - g - 3 + 14. Calculate o(3).
-1
Let h(z) = -11*z**2 + 264*z - 19. Let d be h(24). Let b(s) = 2*s**2 + 36*s - 47. What is b(d)?
-9
Let q(s) = 3*s - 5. Let a(c) = -7*c + 10. Let r(p) = 4*a(p) + 9*q(p). Let i(j) = -j**3 - 8*j**2 + j + 4. Let v = -28 - -20. Let o be i(v). Determine r(o).
-1
Let g(d) = -24*d + 3*d**3 + 35*d**2 + 3 + 26*d**2 + 31*d**2 - 14 - 58*d**2. Determine g(-12).
-11
Let i(r) be the second derivative of -r**5/20 + r**4/3 - 2*r**3/3 - 2*r**2 - r. Suppose -2*b - 3*f + 26 = 0, -b + f - 20 = -3*f. Determine i(b).
-20
Let x(r) = r**3 - r**2 - 2*r. Let w = -35 + 39. Suppose w*n = -y + 52, -50 = y - 2*y - 3*n. Let i = y + -46. Calculate x(i).
-8
Let j(g) be the second derivative of -g**4/12 - 3*g**3/2 + 211*g**2/2 - 852*g. What is j(11)?
-9
Let g(i) = -3 - 7*i**3 - 38*i**2 + 94*i**2 + 1 - 25*i**2 + 3*i - 33*i**2. Determine g(1).
-8
Let g(n) = 4*n**3 + n**2 - 6*n + 4. Suppose 0 = -3*w + 5*u + 31, 130*w - 2*u - 12 = 129*w. Calculate g(w).
28
Let l(t) = -9*t - 115. Let n(i) = -i + 4. Let s(y) = -l(y) + 2*n(y). Let x be s(-17). Let w(b) = -5*b + 5. Determine w(x).
-15
Let s(r) = r - 27. Suppose 3*w + 8*a = 9*a + 6, w - 30 = 5*a. Determine s(w).
-27
Let q be 8/(-6) + 361/57. Suppose -2*k + 112 = -q*d, 3*d = 2*k + k - 186. Let l(v) = -18 - 27 - v + k. Give l(0).
21
Let c be (9/((-225)/(-290)) - -1)*-5. Let m be (15*14/c)/((-8)/(-12)). Let s(u) = 2*u**2 + 5*u - 5. What is s(m)?
20
Let c(d) = -21*d - 2. Let s(w) be the second derivative of -19*w**3/6 - w**2/2 - 4*w - 26. Let k(t) = -6*c(t) + 7*s(t). Determine k(6).
-37
Let b(o) = o**2 + 20*o - 215. Suppose 5*h - 20 = 0, 0 = 3*j - 3*h - 893 + 881. Give b(j).
9
Let c(a) be the first derivative of 3*a**2/2 + 8*a - 61. Let d be 9 - ((6 - 3) + -3). Let h be (4 - 1 - d) + 0. Determine c(h).
-10
Let d(m) = m**3 - 17*m**2 + 22*m - 96. Let p = -12202 + 12218. Determine d(p).
0
Let c(t) = 2*t + 12. Suppose -8*k + 23 = -9. Suppose k*p + a - 24 = 7*p, p - 5*a = -8. Determine c(p).
-4
Let m(l) = 6 + 3 + 16*l**3 - 2 - 4*l**2 + 31*l. Let w(u) = 3*u**3 - u**2 + 6*u + 1. Let o(d) = 2*m(d) - 11*w(d). Calculate o(3).
-9
Let y be ((-12)/18)/(1 + 118/(-114)). Let b(d) = -d**2 + 15*d + 11. Let f(u) = -u**2 + 16*u + 12. Let x(w) = -2*b(w) + 3*f(w). Calculate x(y).
-5
Let m(t) = 10*t + 10. Suppose -4*z + 15 = -5*c, -3*z + 15*c = 16*c + 3. What is m(z)?
10
Suppose 5*r - 24 = -5*o + 26, 2*o + 3*r - 17 = 0. Let s(w) = w - w**2 - 4*w - 7*w + o - 4*w - 24. What is s(-12)?
13
Let k(g) = -34*g**3 - 4*g**2 - 17*g + 34. Let i(t) = -25*t**3 - 3*t**2 - 13*t + 26. Let a(w) = 9*i(w) - 7*k(w). Calculate a(1).
12
Suppose -4*r = -2*a - 30, 4*a + 34 = 2*r - 2. Let w(z) = -1. Let x(g) = g**2 + 8*g + 10. Let l(u) = 4*w(u) + x(u). Give l(a).
-1
Let c(m) be the second derivative of 2 + 1/6*m**3 - 1/12*m**4 + 2*m**2 - 193*m. Calculate c(-2).
-2
Let z(m) be the third derivative of -m**6/120 - m**5/15 + m**4/24 + 2*m**3/3 + m**2. Let o(u) = -2*u**2 + 5590*u + 11185. Let l be o(-2). Give z(l).
-8
Let w(m) = -5*m**3 + 41*m**2 - 6*m - 6. Let s(t) = t**3 - 9*t**2 + t + 1. Let c(r) = -4*s(r) - w(r). What is c(4)?
-6
Suppose 5*i - 41*i - 180 = 0. Let n(z) = -z**3 - 3*z**2 - 2*z - 9. Let t(g) = -2*g**3 - 7*g**2 - 5*g - 17. Let f(x) = i*n(x) + 3*t(x). What is f(-5)?
-6
Let q(n) = -n - 57. Let k be 3*-56*(-25)/(-300). Determine q(k).
-43
Let l(r) = 3*r + 3. Suppose 4*a + x = 25, -4*a + 19 = -0*a + 3*x. Suppose a*f = 6 + 29. Suppose 14 = -f*q - 6. What is l(q)?
-9
Let y = -5731/7 - -22931/28. Let o(x) be the first derivative of -1/2*x**2 + 5/3*x**3 + y*x**4 + 4 + 7*x. Give o(-5).
12
Let v(u) = -u**2 + 5*u + 1. Let r(w) = w**3 + 3*w**2 - 4*w + 4. Le